{"id":349,"date":"2018-03-10T22:25:14","date_gmt":"2018-03-10T21:25:14","guid":{"rendered":"http:\/\/dik.co.me\/?page_id=349\/"},"modified":"2023-01-13T12:26:29","modified_gmt":"2023-01-13T11:26:29","slug":"o-komisiji","status":"publish","type":"page","link":"https:\/\/dikcg.me\/wpold\/tuzi\/o-komisiji\/","title":{"rendered":"Sastav Komisije \/ P\u00ebrb\u00ebrja e Komisionit"},"content":{"rendered":"<p><strong>Edmond Ujkaj<\/strong>, predsjednik<br \/>\n<strong>D\u017eeneta\u00a0 Pepi\u0107<\/strong>, zamjenica predsjednika<br \/>\n<b>Emir Leki\u0107<\/b>, sekretar Komisije<\/p>\n<p class=\"gmail-MsoNoSpacing\">\u010clanovi i zamjenici:<br \/>\n<b>1.\u00a0Gjokaj Beqir<\/b>, \u010dlan<br \/>\n<b>Ajla Turuskovi\u0107,\u00a0<\/b>zamjenica \u010dlana<br \/>\n<b>2. Toma Gjonaj,\u00a0<\/b>\u010dlan<b><br \/>\nNora Sini\u0161taj,\u00a0<\/b>zamjenica \u010dlana<b><br \/>\n3. Ahmed Zajmovi\u0107,\u00a0<\/b>\u010dlan<b><br \/>\n<\/b><b>4. Mirsada Suljevi\u0107<\/b>, \u010dlanica<br \/>\n<b>Anton Goj\u010daj,<\/b>\u00a0zamjenik \u010dlanice<\/p>\n<div class=\"gmail-MsoNoSpacing\">\n<hr noshade=\"noshade\" size=\"0\" width=\"100%\" \/>\n<\/div>\n<p class=\"gmail-MsoNoSpacing\">P\u00ebrb\u00ebrja e Komisionit<\/p>\n<p class=\"gmail-MsoNoSpacing\"><b>Edmond Ujkaj<\/b>, kryetar i Komisionit<br \/>\n<b>Xheneta Pepiq<\/b>, n\u00ebnkryetare e kryetarit t\u00eb Komisionit<br \/>\n<b>Emir Llekiq<\/b>, sekretari i Komisionit<\/p>\n<p class=\"gmail-MsoNoSpacing\">P\u00ebr an\u00ebtar\u00eb dhe z\u00ebvend\u00ebs t\u00eb Komisionit<br \/>\n1.\u00a0<b>Beqir Gjokaj<\/b>, an\u00ebtar<br \/>\n<b>Ajlla Turuskoviq<\/b>, z\u00ebvend\u00ebs an\u00ebtare<br \/>\n2.\u00a0<b>Toma Gjonaj<\/b>, an\u00ebtar<br \/>\n<b>Nora Sinishtaj<\/b>, z\u00ebvend\u00ebs an\u00ebtare<br \/>\n3.\u00a0<b>Ahmed Zajmoviq<\/b>, an\u00ebtar<br \/>\n4.\u00a0<b>Mirsada Suleviq<\/b>, an\u00ebtare<br \/>\n<b>Anton Goj\u00e7aj<\/b>, z\u00ebvend\u00ebs an\u00ebtare<\/p>\n<p>&nbsp;<\/p>\n<p><a href=\"https:\/\/dikcg.me\/wpold\/tuzi\/wp-content\/uploads\/sites\/28\/2023\/01\/2023-01-12-15-39.pdf\">Odluka o imenovanju sekretara OIK Tuzi <\/a><\/p>\n<p><a href=\"https:\/\/dikcg.me\/wpold\/tuzi\/wp-content\/uploads\/sites\/28\/2020\/07\/Odluka-o-izmjeni-i-dopuni-Odluke-o-imenovanju-opstinske-izborne-komisije-Tuzi-Vendim-mbi-ndryshimin-dhe-plotesimin-e-Vendimit-mbi-emerimin-e-komisionit-komunal-zgjedhor-te-Tuzit.pdf\">Odluka o izmjeni i dopuni Odluke o imenovanju Op\u0161tinske izborne komisije Tuzi &#8211; Vendim mbi ndryshimin dhe plotesimin e Vendimit mbi emerimin e komisionit komunal zgjedhor te Tuzit<\/a><\/p>\n<p><a href=\"https:\/\/dikcg.me\/wpold\/tuzi\/wp-content\/uploads\/sites\/28\/2020\/07\/Odluka-o-imenovanju-Opstinske-izborne-komisije-Tuzi-Vendim-mbi-emerimin-e-Komisionit-komunal-zgjedhor-te-Tuzit.pdf\">Odluka o imenovanju Op\u0161tinske izborne komisije Tuzi &#8211; Vendim mbi emerimin e Komisionit komunal zgjedhor te Tuzit<\/a><\/p>\n","protected":false},"excerpt":{"rendered":"Edmond Ujkaj, predsjednik D\u017eeneta\u00a0 Pepi\u0107, zamjenica predsjednika Emir Leki\u0107, sekretar Komisije \u010clanovi i zamjenici: 1.\u00a0Gjokaj Beqir, \u010dlan Ajla Turuskovi\u0107,\u00a0zamjenica \u010dlana 2. Toma Gjonaj,\u00a0\u010dlan Nora Sini\u0161taj,\u00a0zamjenica \u010dlana 3. Ahmed Zajmovi\u0107,\u00a0\u010dlan 4. Mirsada Suljevi\u0107, \u010dlanica Anton Goj\u010daj,\u00a0zamjenik \u010dlanice P\u00ebrb\u00ebrja e Komisionit Edmond Ujkaj, kryetar i Komisionit Xheneta Pepiq, n\u00ebnkryetare e kryetarit t\u00eb Komisionit Emir Llekiq, sekretari i&#8230; <a href=\"https:\/\/dikcg.me\/wpold\/tuzi\/o-komisiji\/\">Read more <i class=\"fas fa-angle-right\"><\/i><\/a>","protected":false},"author":1,"featured_media":0,"parent":0,"menu_order":0,"comment_status":"closed","ping_status":"closed","template":"","meta":{"footnotes":""},"_links":{"self":[{"href":"https:\/\/dikcg.me\/wpold\/tuzi\/wp-json\/wp\/v2\/pages\/349"}],"collection":[{"href":"https:\/\/dikcg.me\/wpold\/tuzi\/wp-json\/wp\/v2\/pages"}],"about":[{"href":"https:\/\/dikcg.me\/wpold\/tuzi\/wp-json\/wp\/v2\/types\/page"}],"author":[{"embeddable":true,"href":"https:\/\/dikcg.me\/wpold\/tuzi\/wp-json\/wp\/v2\/users\/1"}],"replies":[{"embeddable":true,"href":"https:\/\/dikcg.me\/wpold\/tuzi\/wp-json\/wp\/v2\/comments?post=349"}],"version-history":[{"count":18,"href":"https:\/\/dikcg.me\/wpold\/tuzi\/wp-json\/wp\/v2\/pages\/349\/revisions"}],"predecessor-version":[{"id":3403,"href":"https:\/\/dikcg.me\/wpold\/tuzi\/wp-json\/wp\/v2\/pages\/349\/revisions\/3403"}],"wp:attachment":[{"href":"https:\/\/dikcg.me\/wpold\/tuzi\/wp-json\/wp\/v2\/media?parent=349"}],"curies":[{"name":"wp","href":"https:\/\/api.w.org\/{rel}","templated":true}]}}