{"id":623,"date":"2019-03-26T12:58:41","date_gmt":"2019-03-26T11:58:41","guid":{"rendered":"http:\/\/rozaje.dik.co.me\/?page_id=623\/"},"modified":"2019-03-26T14:33:14","modified_gmt":"2019-03-26T13:33:14","slug":"zakoni","status":"publish","type":"page","link":"https:\/\/dikcg.me\/wpold\/rozaje\/zakoni\/","title":{"rendered":"Zakoni"},"content":{"rendered":"<ul>\n<li><a href=\"https:\/\/dikcg.me\/wpold\/rozaje\/wp-content\/uploads\/sites\/5\/2019\/03\/Zakon-o-izboru-odbornika-i-poslanika.pdf\">Zakon o izboru odbornika i poslanika<\/a><\/li>\n<\/ul>\n<hr \/>\n<ul>\n<li><a href=\"https:\/\/dikcg.me\/wpold\/rozaje\/wp-content\/uploads\/sites\/5\/2019\/03\/Zakon-o-birackom-spisku.pdf\">Zakon o bira\u010dkom spisku<\/a><\/li>\n<\/ul>\n<hr \/>\n<ul>\n<li><a href=\"https:\/\/dikcg.me\/wpold\/rozaje\/wp-content\/uploads\/sites\/5\/2019\/03\/Zakon-o-izboru-Predsjednika-Crne-Gore.pdf\">Zakon o izboru predsjednika Crne Gore<\/a><\/li>\n<\/ul>\n<hr \/>\n<ul>\n<li><a href=\"https:\/\/dikcg.me\/wpold\/rozaje\/wp-content\/uploads\/sites\/5\/2019\/03\/Zakon-o-politickim-partijama.pdf\">Zakon o politi\u010dkim partijama<\/a><\/li>\n<\/ul>\n<hr \/>\n<ul>\n<li><a href=\"https:\/\/dikcg.me\/wpold\/rozaje\/wp-content\/uploads\/sites\/5\/2019\/03\/Zakon-o-finansiranju-politickih-subjekata-i-izbornih-kampanja.pdf\">Zakon o finansiranju politi\u010dkih subjekata i izbornih kampanja<\/a><\/li>\n<\/ul>\n","protected":false},"excerpt":{"rendered":"Zakon o izboru odbornika i poslanika Zakon o bira\u010dkom spisku Zakon o izboru predsjednika Crne Gore Zakon o politi\u010dkim partijama Zakon o finansiranju politi\u010dkih subjekata i izbornih kampanja","protected":false},"author":56,"featured_media":0,"parent":0,"menu_order":0,"comment_status":"closed","ping_status":"closed","template":"","meta":{"footnotes":""},"_links":{"self":[{"href":"https:\/\/dikcg.me\/wpold\/rozaje\/wp-json\/wp\/v2\/pages\/623"}],"collection":[{"href":"https:\/\/dikcg.me\/wpold\/rozaje\/wp-json\/wp\/v2\/pages"}],"about":[{"href":"https:\/\/dikcg.me\/wpold\/rozaje\/wp-json\/wp\/v2\/types\/page"}],"author":[{"embeddable":true,"href":"https:\/\/dikcg.me\/wpold\/rozaje\/wp-json\/wp\/v2\/users\/56"}],"replies":[{"embeddable":true,"href":"https:\/\/dikcg.me\/wpold\/rozaje\/wp-json\/wp\/v2\/comments?post=623"}],"version-history":[{"count":2,"href":"https:\/\/dikcg.me\/wpold\/rozaje\/wp-json\/wp\/v2\/pages\/623\/revisions"}],"predecessor-version":[{"id":663,"href":"https:\/\/dikcg.me\/wpold\/rozaje\/wp-json\/wp\/v2\/pages\/623\/revisions\/663"}],"wp:attachment":[{"href":"https:\/\/dikcg.me\/wpold\/rozaje\/wp-json\/wp\/v2\/media?parent=623"}],"curies":[{"name":"wp","href":"https:\/\/api.w.org\/{rel}","templated":true}]}}