{"id":677,"date":"2019-06-13T09:30:16","date_gmt":"2019-06-13T08:30:16","guid":{"rendered":"http:\/\/pljevlja.dik.co.me\/?page_id=677\/"},"modified":"2020-08-04T11:32:59","modified_gmt":"2020-08-04T10:32:59","slug":"sastav-komisije","status":"publish","type":"page","link":"https:\/\/dikcg.me\/wpold\/pljevlja\/sastav-komisije\/","title":{"rendered":"Sastav Komisije"},"content":{"rendered":"<p><strong>\u010cedo GOSPI\u0106<\/strong>, predsjednik<br \/>\n<strong>Jelena CVIJOVI\u0106<\/strong>, zamjenik predsjednika<br \/>\n<strong>Miroslav AN\u0110ELI\u0106, <\/strong>sekretar<\/p>\n<p><strong>\u010clanovi i zamjenici<\/strong><br \/>\n<strong>1. Samra \u0110UR\u0110EVI\u0106<\/strong>, \u010dlan<br \/>\n<strong>Milan MARKOVI\u0106<\/strong>, zamjenik<br \/>\n<strong>2.Denis Nuhanovi\u0107, \u010dlan<br \/>\nEmina BRKOVI\u0106<\/strong>, zamjenica<br \/>\n<strong>3. Tanja Gazdi\u0107<\/strong>, \u010dlanica<br \/>\n<strong>Mira Vukovi\u0107<\/strong>, zamjenica<br \/>\n<strong>4. Slavko DRA\u0160KOVI\u0106<\/strong>, \u010dlan<br \/>\n<strong>Stanojka Kljajevi\u0107<\/strong>, zamjenik \u010dlana<\/p>\n<p><a href=\"https:\/\/dikcg.me\/wpold\/pljevlja\/wp-content\/uploads\/sites\/23\/2020\/08\/Odluka-o-imenovanju-OIK-Pljevlja141.pdf\">Odluka o imenovanju Op\u0161tinske izborne komisije Pljevlja<\/a><\/p>\n","protected":false},"excerpt":{"rendered":"\u010cedo GOSPI\u0106, predsjednik Jelena CVIJOVI\u0106, zamjenik predsjednika Miroslav AN\u0110ELI\u0106, sekretar \u010clanovi i zamjenici 1. Samra \u0110UR\u0110EVI\u0106, \u010dlan Milan MARKOVI\u0106, zamjenik 2.Denis Nuhanovi\u0107, \u010dlan Emina BRKOVI\u0106, zamjenica 3. Tanja Gazdi\u0107, \u010dlanica Mira Vukovi\u0107, zamjenica 4. Slavko DRA\u0160KOVI\u0106, \u010dlan Stanojka Kljajevi\u0107, zamjenik \u010dlana Odluka o imenovanju Op\u0161tinske izborne komisije Pljevlja","protected":false},"author":56,"featured_media":0,"parent":0,"menu_order":0,"comment_status":"closed","ping_status":"closed","template":"","meta":{"footnotes":""},"_links":{"self":[{"href":"https:\/\/dikcg.me\/wpold\/pljevlja\/wp-json\/wp\/v2\/pages\/677"}],"collection":[{"href":"https:\/\/dikcg.me\/wpold\/pljevlja\/wp-json\/wp\/v2\/pages"}],"about":[{"href":"https:\/\/dikcg.me\/wpold\/pljevlja\/wp-json\/wp\/v2\/types\/page"}],"author":[{"embeddable":true,"href":"https:\/\/dikcg.me\/wpold\/pljevlja\/wp-json\/wp\/v2\/users\/56"}],"replies":[{"embeddable":true,"href":"https:\/\/dikcg.me\/wpold\/pljevlja\/wp-json\/wp\/v2\/comments?post=677"}],"version-history":[{"count":5,"href":"https:\/\/dikcg.me\/wpold\/pljevlja\/wp-json\/wp\/v2\/pages\/677\/revisions"}],"predecessor-version":[{"id":775,"href":"https:\/\/dikcg.me\/wpold\/pljevlja\/wp-json\/wp\/v2\/pages\/677\/revisions\/775"}],"wp:attachment":[{"href":"https:\/\/dikcg.me\/wpold\/pljevlja\/wp-json\/wp\/v2\/media?parent=677"}],"curies":[{"name":"wp","href":"https:\/\/api.w.org\/{rel}","templated":true}]}}

<p><strong>Čedo GOSPIĆ</strong>, predsjednik<br />
<strong>Jelena CVIJOVIĆ</strong>, zamjenik predsjednika<br />
<strong>Miroslav ANĐELIĆ, </strong>sekretar</p>
<p><strong>Članovi i zamjenici</strong><br />
<strong>1. Samra ĐURĐEVIĆ</strong>, član<br />
<strong>Milan MARKOVIĆ</strong>, zamjenik<br />
<strong>2.Denis Nuhanović, član<br />
Emina BRKOVIĆ</strong>, zamjenica<br />
<strong>3. Tanja Gazdić</strong>, članica<br />
<strong>Mira Vuković</strong>, zamjenica<br />
<strong>4. Slavko DRAŠKOVIĆ</strong>, član<br />
<strong>Stanojka Kljajević</strong>, zamjenik člana</p>
<p><a href="https://dikcg.me/wpold/pljevlja/wp-content/uploads/sites/23/2020/08/Odluka-o-imenovanju-OIK-Pljevlja141.pdf">Odluka o imenovanju Opštinske izborne komisije Pljevlja</a></p>

Čedo GOSPIĆ, predsjednik Jelena CVIJOVIĆ, zamjenik predsjednika Miroslav ANĐELIĆ, sekretar Članovi i zamjenici 1. Samra ĐURĐEVIĆ, član Milan MARKOVIĆ, zamjenik 2.Denis Nuhanović, član Emina BRKOVIĆ, zamjenica 3. Tanja Gazdić, članica Mira Vuković, zamjenica 4. Slavko DRAŠKOVIĆ, član Stanojka Kljajević, zamjenik člana Odluka o imenovanju Opštinske izborne komisije Pljevlja
