{"id":679,"date":"2019-07-01T14:05:59","date_gmt":"2019-07-01T13:05:59","guid":{"rendered":"http:\/\/mojkovac.dik.co.me\/?page_id=679\/"},"modified":"2022-02-21T21:55:31","modified_gmt":"2022-02-21T20:55:31","slug":"sastav-komisije","status":"publish","type":"page","link":"https:\/\/dikcg.me\/wpold\/mojkovac\/sastav-komisije\/","title":{"rendered":"Sastav Komisije"},"content":{"rendered":"<p>\u017darko Krgovi\u0107, predsjednik<br \/>\n&#8211; Sanja Filipovi\u0107, zamjenica predsjednika<br \/>\nVaso Medojevi\u0107, \u010dlan<br \/>\n&#8211; Milena Bogavac, zamjenica \u010dlana<br \/>\nTihomir Vukovi\u0107, \u010dlan<br \/>\n&#8211; Danka A\u0161anin, zamjenica \u010dlana<br \/>\nZoran Mileti\u0107, \u010dlan<br \/>\n&#8211; An\u0111ela Fu\u0161ti\u0107, zamjenica \u010dlana<br \/>\nSreten Pejovi\u0107, \u010dlan<br \/>\n&#8211; Ivica Filipovi\u0107, zamjenik \u010dlana<\/p>\n<p>Marija Vuji\u010di\u0107, sekretar<\/p>\n<p><a href=\"https:\/\/dikcg.me\/wpold\/mojkovac\/wp-content\/uploads\/sites\/18\/2022\/02\/Odluka-OIK.pdf\">Odluka o imenovanju Op\u0161tinske izborne komisije Mojkovac<\/a><\/p>\n","protected":false},"excerpt":{"rendered":"\u017darko Krgovi\u0107, predsjednik &#8211; Sanja Filipovi\u0107, zamjenica predsjednika Vaso Medojevi\u0107, \u010dlan &#8211; Milena Bogavac, zamjenica \u010dlana Tihomir Vukovi\u0107, \u010dlan &#8211; Danka A\u0161anin, zamjenica \u010dlana Zoran Mileti\u0107, \u010dlan &#8211; An\u0111ela Fu\u0161ti\u0107, zamjenica \u010dlana Sreten Pejovi\u0107, \u010dlan &#8211; Ivica Filipovi\u0107, zamjenik \u010dlana Marija Vuji\u010di\u0107, sekretar Odluka o imenovanju Op\u0161tinske izborne komisije Mojkovac","protected":false},"author":56,"featured_media":0,"parent":0,"menu_order":0,"comment_status":"closed","ping_status":"closed","template":"","meta":{"footnotes":""},"_links":{"self":[{"href":"https:\/\/dikcg.me\/wpold\/mojkovac\/wp-json\/wp\/v2\/pages\/679"}],"collection":[{"href":"https:\/\/dikcg.me\/wpold\/mojkovac\/wp-json\/wp\/v2\/pages"}],"about":[{"href":"https:\/\/dikcg.me\/wpold\/mojkovac\/wp-json\/wp\/v2\/types\/page"}],"author":[{"embeddable":true,"href":"https:\/\/dikcg.me\/wpold\/mojkovac\/wp-json\/wp\/v2\/users\/56"}],"replies":[{"embeddable":true,"href":"https:\/\/dikcg.me\/wpold\/mojkovac\/wp-json\/wp\/v2\/comments?post=679"}],"version-history":[{"count":8,"href":"https:\/\/dikcg.me\/wpold\/mojkovac\/wp-json\/wp\/v2\/pages\/679\/revisions"}],"predecessor-version":[{"id":1470,"href":"https:\/\/dikcg.me\/wpold\/mojkovac\/wp-json\/wp\/v2\/pages\/679\/revisions\/1470"}],"wp:attachment":[{"href":"https:\/\/dikcg.me\/wpold\/mojkovac\/wp-json\/wp\/v2\/media?parent=679"}],"curies":[{"name":"wp","href":"https:\/\/api.w.org\/{rel}","templated":true}]}}

<p>Žarko Krgović, predsjednik<br />
&#8211; Sanja Filipović, zamjenica predsjednika<br />
Vaso Medojević, član<br />
&#8211; Milena Bogavac, zamjenica člana<br />
Tihomir Vuković, član<br />
&#8211; Danka Ašanin, zamjenica člana<br />
Zoran Miletić, član<br />
&#8211; Anđela Fuštić, zamjenica člana<br />
Sreten Pejović, član<br />
&#8211; Ivica Filipović, zamjenik člana</p>
<p>Marija Vujičić, sekretar</p>
<p><a href="https://dikcg.me/wpold/mojkovac/wp-content/uploads/sites/18/2022/02/Odluka-OIK.pdf">Odluka o imenovanju Opštinske izborne komisije Mojkovac</a></p>

Žarko Krgović, predsjednik &#8211; Sanja Filipović, zamjenica predsjednika Vaso Medojević, član &#8211; Milena Bogavac, zamjenica člana Tihomir Vuković, član &#8211; Danka Ašanin, zamjenica člana Zoran Miletić, član &#8211; Anđela Fuštić, zamjenica člana Sreten Pejović, član &#8211; Ivica Filipović, zamjenik člana Marija Vujičić, sekretar Odluka o imenovanju Opštinske izborne komisije Mojkovac
