{"id":174,"date":"2018-03-11T18:46:32","date_gmt":"2018-03-11T18:46:32","guid":{"rendered":"http:\/\/podgorica.dik.co.me\/?page_id=174\/"},"modified":"2022-06-09T08:37:08","modified_gmt":"2022-06-09T07:37:08","slug":"o-komisiji","status":"publish","type":"page","link":"https:\/\/dikcg.me\/wpold\/herceg-novi\/o-komisiji\/","title":{"rendered":"O komisiji"},"content":{"rendered":"<p><a href=\"\/?page_id=678\">Sastav OIK Herceg Novi<\/a><\/p>\n<hr \/>\n<p><a href=\"https:\/\/dikcg.me\/wpold\/herceg-novi\/wp-content\/uploads\/sites\/15\/2022\/06\/rjesenjeodopuni30092021.pdf\">Rje\u0161enje o dopuni Rje\u0161enja o imenovanju Op\u0161tinske izborne komisije Herceg Novi u stalnom sastavu, 22.09.2021. godine<\/a><\/p>\n<p><a href=\"https:\/\/dikcg.me\/wpold\/herceg-novi\/wp-content\/uploads\/sites\/15\/2021\/09\/OIK-rjesenje21.pdf\">Rje\u0161enje o imenovanju Op\u0161tinske izborne komisije Herceg Novi u stalnom sastavu, 09.09.2021. godine<\/a><\/p>\n<p><a href=\"https:\/\/dikcg.me\/wpold\/herceg-novi\/wp-content\/uploads\/sites\/15\/2021\/04\/Rjesenje-o-razrjesenju-i-imenovanju-zamjenika-clana-OIK-H.Novi-u-stalnom-sastavu.pdf\">Rje\u0161enje o razrje\u0161enju i imenovanju sekretara i zamjenika \u010dlana OIK Herceg Novi u stalnom sastavu, 26.04.2021. godine<\/a><\/p>\n<p><a href=\"https:\/\/dikcg.me\/wpold\/herceg-novi\/wp-content\/uploads\/sites\/15\/2020\/02\/Rjesenje-o-izmjeni03122019.pdf\">Rje\u0161enje o izmjeni Rje\u0161enja o imenovanju OIK Herceg Novi, 05.04.2018. godine<\/a><\/p>\n<p><a href=\"https:\/\/dikcg.me\/wpold\/herceg-novi\/wp-content\/uploads\/sites\/15\/2019\/09\/Odluka-o-imenovanju-OIK-H.Novi-u-stalnom-sastavu.pdf\">Rje\u0161enje o imenovanju OIK Herceg Novi, 03.08.2017. godine<\/a><\/p>\n<hr \/>\n<p><a href=\"https:\/\/dikcg.me\/wpold\/herceg-novi\/wp-content\/uploads\/sites\/15\/2022\/06\/Poslovnik-o-radu-opstinske-izborne-komisije-HN-3.pdf\">Poslovnik o radu OIK Herceg Novi<\/a><\/p>\n","protected":false},"excerpt":{"rendered":"Sastav OIK Herceg Novi Rje\u0161enje o dopuni Rje\u0161enja o imenovanju Op\u0161tinske izborne komisije Herceg Novi u stalnom sastavu, 22.09.2021. godine Rje\u0161enje o imenovanju Op\u0161tinske izborne komisije Herceg Novi u stalnom sastavu, 09.09.2021. godine Rje\u0161enje o razrje\u0161enju i imenovanju sekretara i zamjenika \u010dlana OIK Herceg Novi u stalnom sastavu, 26.04.2021. godine Rje\u0161enje o izmjeni Rje\u0161enja o&#8230; <a href=\"https:\/\/dikcg.me\/wpold\/herceg-novi\/o-komisiji\/\">Read more <i class=\"fas fa-angle-right\"><\/i><\/a>","protected":false},"author":1,"featured_media":0,"parent":0,"menu_order":0,"comment_status":"closed","ping_status":"closed","template":"","meta":{"footnotes":""},"_links":{"self":[{"href":"https:\/\/dikcg.me\/wpold\/herceg-novi\/wp-json\/wp\/v2\/pages\/174"}],"collection":[{"href":"https:\/\/dikcg.me\/wpold\/herceg-novi\/wp-json\/wp\/v2\/pages"}],"about":[{"href":"https:\/\/dikcg.me\/wpold\/herceg-novi\/wp-json\/wp\/v2\/types\/page"}],"author":[{"embeddable":true,"href":"https:\/\/dikcg.me\/wpold\/herceg-novi\/wp-json\/wp\/v2\/users\/1"}],"replies":[{"embeddable":true,"href":"https:\/\/dikcg.me\/wpold\/herceg-novi\/wp-json\/wp\/v2\/comments?post=174"}],"version-history":[{"count":11,"href":"https:\/\/dikcg.me\/wpold\/herceg-novi\/wp-json\/wp\/v2\/pages\/174\/revisions"}],"predecessor-version":[{"id":1170,"href":"https:\/\/dikcg.me\/wpold\/herceg-novi\/wp-json\/wp\/v2\/pages\/174\/revisions\/1170"}],"wp:attachment":[{"href":"https:\/\/dikcg.me\/wpold\/herceg-novi\/wp-json\/wp\/v2\/media?parent=174"}],"curies":[{"name":"wp","href":"https:\/\/api.w.org\/{rel}","templated":true}]}}

<p><a href="/?page_id=678">Sastav OIK Herceg Novi</a></p>
<hr />
<p><a href="https://dikcg.me/wpold/herceg-novi/wp-content/uploads/sites/15/2022/06/rjesenjeodopuni30092021.pdf">Rješenje o dopuni Rješenja o imenovanju Opštinske izborne komisije Herceg Novi u stalnom sastavu, 22.09.2021. godine</a></p>
<p><a href="https://dikcg.me/wpold/herceg-novi/wp-content/uploads/sites/15/2021/09/OIK-rjesenje21.pdf">Rješenje o imenovanju Opštinske izborne komisije Herceg Novi u stalnom sastavu, 09.09.2021. godine</a></p>
<p><a href="https://dikcg.me/wpold/herceg-novi/wp-content/uploads/sites/15/2021/04/Rjesenje-o-razrjesenju-i-imenovanju-zamjenika-clana-OIK-H.Novi-u-stalnom-sastavu.pdf">Rješenje o razrješenju i imenovanju sekretara i zamjenika člana OIK Herceg Novi u stalnom sastavu, 26.04.2021. godine</a></p>
<p><a href="https://dikcg.me/wpold/herceg-novi/wp-content/uploads/sites/15/2020/02/Rjesenje-o-izmjeni03122019.pdf">Rješenje o izmjeni Rješenja o imenovanju OIK Herceg Novi, 05.04.2018. godine</a></p>
<p><a href="https://dikcg.me/wpold/herceg-novi/wp-content/uploads/sites/15/2019/09/Odluka-o-imenovanju-OIK-H.Novi-u-stalnom-sastavu.pdf">Rješenje o imenovanju OIK Herceg Novi, 03.08.2017. godine</a></p>
<hr />
<p><a href="https://dikcg.me/wpold/herceg-novi/wp-content/uploads/sites/15/2022/06/Poslovnik-o-radu-opstinske-izborne-komisije-HN-3.pdf">Poslovnik o radu OIK Herceg Novi</a></p>

Sastav OIK Herceg Novi Rješenje o dopuni Rješenja o imenovanju Opštinske izborne komisije Herceg Novi u stalnom sastavu, 22.09.2021. godine Rješenje o imenovanju Opštinske izborne komisije Herceg Novi u stalnom sastavu, 09.09.2021. godine Rješenje o razrješenju i imenovanju sekretara i zamjenika člana OIK Herceg Novi u stalnom sastavu, 26.04.2021. godine Rješenje o izmjeni Rješenja o&#8230; <a href="https://dikcg.me/wpold/herceg-novi/o-komisiji/">Read more <i class="fas fa-angle-right"></i></a>
