{"id":681,"date":"2019-09-02T11:48:49","date_gmt":"2019-09-02T10:48:49","guid":{"rendered":"http:\/\/gusinje.dik.co.me\/?page_id=681\/"},"modified":"2023-03-06T21:28:31","modified_gmt":"2023-03-06T20:28:31","slug":"sastav-komisije","status":"publish","type":"page","link":"https:\/\/dikcg.me\/wpold\/gusinje\/sastav-komisije\/","title":{"rendered":"Sastav Komisije"},"content":{"rendered":"<p class=\"elementToProof\"><strong>Sanid Red\u017eepagi\u0107<\/strong>, predsjednik<\/p>\n<p><strong>Amela Jevri\u0107<\/strong>, zamjenica predsjednika<\/p>\n<p><strong>Eldin Radon\u010di\u0107<\/strong>, sekretar<\/p>\n<p>\u010clanovi i zamjenici:<\/p>\n<p>1.\u2002<strong>Medina Radon\u010di\u0107<\/strong>, \u010dlan<\/p>\n<p><strong>Belmin Radon\u010di\u0107<\/strong>, zamjenik \u010dlana<\/p>\n<p>2.\u00a0 <strong>Ragip Go\u010daj<\/strong>, \u010dlan<\/p>\n<p><strong> \u0160aban Balidemaj<\/strong>, zamjenik \u010dlana<\/p>\n<p>3.\u00a0 <strong>D\u017eevat Feratovi\u0107<\/strong>, \u010dlan<\/p>\n<p><strong>Sead Feratovi\u0107<\/strong>, zamjenik \u010dlana<\/p>\n<p>4.\u00a0 <strong>Ahmet Deljanin<\/strong>, \u010dlan<\/p>\n<p>&nbsp;<\/p>\n<p class=\"elementToProof\">\n<p>Odluka o imenovanju Op\u0161tinske izborne komisije Gusinje<\/p>\n","protected":false},"excerpt":{"rendered":"Sanid Red\u017eepagi\u0107, predsjednik Amela Jevri\u0107, zamjenica predsjednika Eldin Radon\u010di\u0107, sekretar \u010clanovi i zamjenici: 1.\u2002Medina Radon\u010di\u0107, \u010dlan Belmin Radon\u010di\u0107, zamjenik \u010dlana 2.\u00a0 Ragip Go\u010daj, \u010dlan \u0160aban Balidemaj, zamjenik \u010dlana 3.\u00a0 D\u017eevat Feratovi\u0107, \u010dlan Sead Feratovi\u0107, zamjenik \u010dlana 4.\u00a0 Ahmet Deljanin, \u010dlan &nbsp; Odluka o imenovanju Op\u0161tinske izborne komisije Gusinje","protected":false},"author":56,"featured_media":0,"parent":0,"menu_order":0,"comment_status":"closed","ping_status":"closed","template":"","meta":{"footnotes":""},"_links":{"self":[{"href":"https:\/\/dikcg.me\/wpold\/gusinje\/wp-json\/wp\/v2\/pages\/681"}],"collection":[{"href":"https:\/\/dikcg.me\/wpold\/gusinje\/wp-json\/wp\/v2\/pages"}],"about":[{"href":"https:\/\/dikcg.me\/wpold\/gusinje\/wp-json\/wp\/v2\/types\/page"}],"author":[{"embeddable":true,"href":"https:\/\/dikcg.me\/wpold\/gusinje\/wp-json\/wp\/v2\/users\/56"}],"replies":[{"embeddable":true,"href":"https:\/\/dikcg.me\/wpold\/gusinje\/wp-json\/wp\/v2\/comments?post=681"}],"version-history":[{"count":7,"href":"https:\/\/dikcg.me\/wpold\/gusinje\/wp-json\/wp\/v2\/pages\/681\/revisions"}],"predecessor-version":[{"id":953,"href":"https:\/\/dikcg.me\/wpold\/gusinje\/wp-json\/wp\/v2\/pages\/681\/revisions\/953"}],"wp:attachment":[{"href":"https:\/\/dikcg.me\/wpold\/gusinje\/wp-json\/wp\/v2\/media?parent=681"}],"curies":[{"name":"wp","href":"https:\/\/api.w.org\/{rel}","templated":true}]}}

<p class="elementToProof"><strong>Sanid Redžepagić</strong>, predsjednik</p>
<p><strong>Amela Jevrić</strong>, zamjenica predsjednika</p>
<p><strong>Eldin Radončić</strong>, sekretar</p>
<p>Članovi i zamjenici:</p>
<p>1. <strong>Medina Radončić</strong>, član</p>
<p><strong>Belmin Radončić</strong>, zamjenik člana</p>
<p>2.  <strong>Ragip Gočaj</strong>, član</p>
<p><strong> Šaban Balidemaj</strong>, zamjenik člana</p>
<p>3.  <strong>Dževat Feratović</strong>, član</p>
<p><strong>Sead Feratović</strong>, zamjenik člana</p>
<p>4.  <strong>Ahmet Deljanin</strong>, član</p>
<p>&nbsp;</p>
<p class="elementToProof">
<p>Odluka o imenovanju Opštinske izborne komisije Gusinje</p>

Sanid Redžepagić, predsjednik Amela Jevrić, zamjenica predsjednika Eldin Radončić, sekretar Članovi i zamjenici: 1. Medina Radončić, član Belmin Radončić, zamjenik člana 2.  Ragip Gočaj, član Šaban Balidemaj, zamjenik člana 3.  Dževat Feratović, član Sead Feratović, zamjenik člana 4.  Ahmet Deljanin, član &nbsp; Odluka o imenovanju Opštinske izborne komisije Gusinje
