{"id":711,"date":"2019-03-26T13:03:02","date_gmt":"2019-03-26T12:03:02","guid":{"rendered":"http:\/\/andrijevica.dik.co.me\/?page_id=711\/"},"modified":"2020-02-19T15:05:38","modified_gmt":"2020-02-19T14:05:38","slug":"zakoni","status":"publish","type":"page","link":"https:\/\/dikcg.me\/wpold\/andrijevica\/zakoni\/","title":{"rendered":"Zakoni"},"content":{"rendered":"<ul>\n<li><a href=\"https:\/\/dikcg.me\/wpold\/andrijevica\/wp-content\/uploads\/sites\/9\/2019\/03\/Zakon-o-izboru-odbornika-i-poslanika.pdf\">Zakon o izboru odbornika i poslanika<\/a><\/li>\n<\/ul>\n<hr \/>\n<ul>\n<li><a href=\"https:\/\/dikcg.me\/wpold\/andrijevica\/wp-content\/uploads\/sites\/9\/2020\/02\/Zakon-o-birackom-spisku.pdf\">Zakon o bira\u010dkom spisku<\/a><\/li>\n<\/ul>\n<hr \/>\n<ul>\n<li><a href=\"https:\/\/dikcg.me\/wpold\/andrijevica\/wp-content\/uploads\/sites\/9\/2019\/03\/Zakon-o-izboru-Predsjednika-Crne-Gore.pdf\">Zakon o izboru predsjednika Crne Gore<\/a><\/li>\n<\/ul>\n<hr \/>\n<ul>\n<li><a href=\"https:\/\/dikcg.me\/wpold\/andrijevica\/wp-content\/uploads\/sites\/9\/2019\/03\/Zakon-o-politickim-partijama.pdf\">Zakon o politi\u010dkim partijama<\/a><\/li>\n<\/ul>\n<hr \/>\n<ul>\n<li><a href=\"https:\/\/dikcg.me\/wpold\/andrijevica\/wp-content\/uploads\/sites\/9\/2019\/03\/Zakon-o-finansiranju-politickih-subjekata-i-izbornih-kampanja.pdf\">Zakon o finansiranju politi\u010dkih subjekata i izbornih kampanja<\/a><\/li>\n<\/ul>\n","protected":false},"excerpt":{"rendered":"Zakon o izboru odbornika i poslanika Zakon o bira\u010dkom spisku Zakon o izboru predsjednika Crne Gore Zakon o politi\u010dkim partijama Zakon o finansiranju politi\u010dkih subjekata i izbornih kampanja","protected":false},"author":56,"featured_media":0,"parent":0,"menu_order":0,"comment_status":"closed","ping_status":"closed","template":"","meta":{"footnotes":""},"_links":{"self":[{"href":"https:\/\/dikcg.me\/wpold\/andrijevica\/wp-json\/wp\/v2\/pages\/711"}],"collection":[{"href":"https:\/\/dikcg.me\/wpold\/andrijevica\/wp-json\/wp\/v2\/pages"}],"about":[{"href":"https:\/\/dikcg.me\/wpold\/andrijevica\/wp-json\/wp\/v2\/types\/page"}],"author":[{"embeddable":true,"href":"https:\/\/dikcg.me\/wpold\/andrijevica\/wp-json\/wp\/v2\/users\/56"}],"replies":[{"embeddable":true,"href":"https:\/\/dikcg.me\/wpold\/andrijevica\/wp-json\/wp\/v2\/comments?post=711"}],"version-history":[{"count":4,"href":"https:\/\/dikcg.me\/wpold\/andrijevica\/wp-json\/wp\/v2\/pages\/711\/revisions"}],"predecessor-version":[{"id":891,"href":"https:\/\/dikcg.me\/wpold\/andrijevica\/wp-json\/wp\/v2\/pages\/711\/revisions\/891"}],"wp:attachment":[{"href":"https:\/\/dikcg.me\/wpold\/andrijevica\/wp-json\/wp\/v2\/media?parent=711"}],"curies":[{"name":"wp","href":"https:\/\/api.w.org\/{rel}","templated":true}]}}